ppose -2*b + 2 - w = 0. What is d(b)?
8
Let i(r) = 3*r + 4*r**2 + 1 - 4*r - r. Let f be 2*-1 + 4 - 1. Calculate i(f).
3
Let d(l) = 10*l - 1. Let q(w) = -w**2 + 9*w. Let s(o) = 3*d(o) - 4*q(o). Let y(z) = 9*z**2 - 12*z - 7. Let t(u) = 7*s(u) - 3*y(u). What is t(4)?
-8
Suppose -3*j - 4 = -j. Let w(i) = -3*i**2 + 1 - i + 2*i**2 - 3*i. Let p be w(j). Let o(k) = -k**2 + 5*k - 5. What is o(p)?
-5
Let a(t) = -7*t + t**2 + 0*t**2 + t - 5. What is a(7)?
2
Let m(b) = -b**2 - 6*b - 6. Let p be m(-4). Suppose 0 = -4*q + p*n + 10, 3*q - 3*n - 15 = -q. Let a(f) = f**3 + q - 1 + 5*f**3. Give a(-1).
-7
Let u(b) = -b + 8*b**2 + b + b. Suppose -3*x = -5*j + 25, -4*x - j + 0*j = 41. Let g = -11 - x. What is u(g)?
7
Let f(u) be the first derivative of u**6/120 + u**5/12 - u**3/6 - 3*u**2/2 - 1. Let o(w) be the second derivative of f(w). Calculate o(-5).
-1
Let c(g) = g**3 - 5*g**2 - g. Let k = -36 - -60. Suppose -k = -3*w - w. Suppose 8 = 4*n - 3*u, n - u - 25 = -w*u. What is c(n)?
-5
Let y = 19 - 23. Let l(g) = -g**3 - 2*g**2 + 3*g - 1. What is l(y)?
19
Suppose -2*d + 7 = 1. Let x(r) = -4*r - 1 - r**2 + 8 - d. Let t be -1 + 3 + 0 + -6. Give x(t).
4
Suppose 5*p - 14 = 6. Let g(h) be the first derivative of h**4/4 - h**3 - 3*h**2 + 3*h - 1. Let z be g(p). Let i(t) = t**2 + 6*t + 3. Calculate i(z).
-2
Let m(k) = k**3 - 4*k**2 - 5*k + 1. Let z(d) = 2*d - 2 - d**3 - 1 + 2*d. Let x be z(2). Let p be 1 - x*12/9. Calculate m(p).
1
Suppose -5*n - 39 = -k, -2*n + k - 15 + 0 = 0. Let f(b) = -b - 5. Let w be f(n). Let l(m) = -1 + 5 + m - 2*m. Give l(w).
1
Let m = 4 + -3. Let x(p) = -2*p**2 - 9*p + 2. Let t(s) = s. Let o(y) = m*x(y) + 6*t(y). What is o(-3)?
-7
Let u(z) = 5*z**2 + 4 - 17*z**2 - 3*z - 5 + 11*z**2. Let g be 5*(-6)/10*-1. Suppose -5*s - 8 - 9 = -x, 4*s - g*x + 18 = 0. Calculate u(s).
-1
Let p(i) = -6*i - 4*i - i**2 + 3*i + 2 + 0*i**2. Give p(-6).
8
Suppose 23 - 3 = -4*g. Let m = g - -5. Suppose u + 4*c - 5 + 21 = m, 2*u - 4*c = 28. Let b(f) = -f**3 + 5*f**2 - 7*f + 6. Calculate b(u).
-6
Suppose -344 = -5*k + 161. Let a = k - 56. Suppose z - s + 3 = 4, -5*s + a = 5*z. Let y(h) = h**3 - 5*h**2 + h + 2. Determine y(z).
7
Let i be 20/5 - (1 - -1). Let x(t) = -7*t**2 + 9*t**3 + i*t - 3*t - 6 - 10*t**3. Calculate x(-7).
1
Let t(q) be the first derivative of q**3/3 + q**2/2 + 2*q + 2. Give t(0).
2
Suppose 4*t - 3*g - 25 = -4*g, 0 = -4*t + g + 23. Let f(k) = -k**2 + 7*k - 8. Let h be f(t). Let m(x) = x**2 + x - 2. Give m(h).
0
Let h(i) = -4*i**2 + i. Let n(d) = 17*d**2 - 5*d. Let w(x) = 9*h(x) + 2*n(x). Suppose z + 1 - 2 = 0. Determine w(z).
-3
Let s be (-7)/5 - 4/(-10). Let j(b) = -14*b + 18. Let w(f) = -f + 1. Let h(t) = s*j(t) + 12*w(t). Let r be ((-1)/(-1) - -5) + -2. What is h(r)?
2
Let x(p) = p**3 - 2 + 3*p - 3*p**2 + 3*p - 2*p. Let u be x(2). Let d(o) = -u*o + o**2 - 1 + o**2 + 2 - 12*o**2. Calculate d(1).
-11
Suppose 0 = 5*z - 2*h - 5, 5*h = -2*z - 2 + 33. Suppose -2*c - z = 1, 2*f = c + 6. Let s(m) = -m + 2 + 2 + 2*m + f. Calculate s(-5).
1
Let z(p) be the second derivative of -p**3/3 + p**2/2 + p. Suppose 6*r = 17 + 31. Let x be (4 - (-27)/(-6))*r. Calculate z(x).
9
Let z(h) be the first derivative of 0*h - 4 - 1/3*h**3 + 1/2*h**2. Suppose -3*b + 4 = -5*u + 5, -4*b = 2*u + 10. Calculate z(b).
-6
Let m = 10 + -9. Let w(y) = 4*y**2 + 3*y + 3. Let p(x) = -7*x**2 - 5*x - 5. Let u(g) = -6*p(g) - 10*w(g). Determine u(m).
2
Let d(q) be the first derivative of -q**2/2 - 5. What is d(-5)?
5
Let n(b) = -2*b - 8. Let c(h) = -2*h - 9. Let z(r) = -5*c(r) + 6*n(r). Let q(u) = -3*u**2 - 14*u - 5. Let x be q(-4). Determine z(x).
-9
Suppose -5*y - b = 4*b - 5, 4*y - 8 = -2*b. Suppose -y = 4*w - 3*w + 4*d, w = -d - 3. Let s(g) = -4*g - 1 + 9*g**2 - g**2 - 10*g**2. Give s(w).
-7
Let n(k) be the third derivative of 0 + 0*k**3 - 1/30*k**5 + 1/8*k**4 + 0*k + k**2. Give n(2).
-2
Let j(m) = -2*m**3 - 15*m**2 + 11*m + 13. Let g(c) = c**3 + 8*c**2 - 5*c - 6. Let x(y) = -5*g(y) - 3*j(y). Give x(-6).
3
Let q(f) be the first derivative of -7 - 7*f + 1/2*f**2. What is q(3)?
-4
Let f(t) be the third derivative of 0*t + 0*t**3 - 1/120*t**5 - 1/12*t**4 + 0 - 1/240*t**6 + t**2. Let b(w) be the second derivative of f(w). Determine b(2).
-7
Let y(q) be the first derivative of -q**2/2 + 3*q + 3. Suppose 2*f - 15 = -3*f + 3*x, -2*x = -4*f + 12. Give y(f).
0
Let i be (-4)/10 - (-64)/10. Let p be (2/i)/(3/(-45)). Let h(c) = c**3 + 5*c**2 - 2*c - 7. Give h(p).
3
Let p(l) = -2*l - 3*l + 6 - 9. Let h(j) = -2*j**2. Let g be h(-1). Calculate p(g).
7
Let m(h) = -3*h**3 - h**2 + 1. Let n be ((-2)/3)/(2/(-12)). Let d = 6 - n. Suppose -d = f + z, 4*f + 0*f - 4*z = 16. Calculate m(f).
-3
Let w(g) be the first derivative of -1/3*g**3 - 2*g + 2 + 0*g**2. Let a(f) be the first derivative of w(f). Give a(4).
-8
Let q(r) = -r**3 - 5*r**2 + r + 4. Let p be q(-5). Let c(o) = 6 - 2*o - 6. Determine c(p).
2
Let t(w) = -w + 12. Suppose -2*a = -a + 17. Let s be -3 + (a - 1)/(-2). What is t(s)?
6
Let f(o) = 6*o - 1. Let v = -33 - -34. Determine f(v).
5
Let b(q) = 3*q. Let k(d) = 10*d. Suppose -15 = -4*c - c. Let z(y) = c*k(y) - 8*b(y). Calculate z(2).
12
Let v(x) = -x**3 + 6*x**2 - 5. Let t = -21 - -27. What is v(t)?
-5
Let x(z) be the third derivative of z**4/8 + 2*z**3/3 + 2*z**2. Determine x(4).
16
Let i(g) = -7*g - 1. Let u(c) = 10*c + 1. Let y(d) = -7*i(d) - 5*u(d). Let f be y(-3). Let m(p) = 1 - 7*p**2 - 3*p + 8*p**2 - 2*p. Calculate m(f).
1
Let m(s) be the first derivative of s**2 + 6*s + 4. Calculate m(-6).
-6
Let r(t) = 8*t - 5. Let z(y) = -9*y + 6. Let o(h) = 7*r(h) + 6*z(h). What is o(6)?
13
Let a = 9 - 5. Let l(g) = g**2 - 2*g - 1. Determine l(a).
7
Suppose 3*k + 4 = 1. Let v(w) = -11*w**3 - w**2 - w. Give v(k).
11
Let c(u) be the third derivative of -u**6/120 + 7*u**5/60 + u**3 - u**2. Let p be c(7). Let w(y) = -y + 1 - p*y**2 + y - y. Give w(1).
-6
Suppose -m + 1 = -0*m. Let s(o) = -31*o**2 - 9*o + 7. Let v(y) = -16*y**2 - 5*y + 4. Let g(r) = -4*s(r) + 7*v(r). Determine g(m).
13
Let y be (-5 + 6)/((-2)/12). Suppose x = -2*v + 2*x + 49, x - 133 = -5*v. Let a be y/15 - v/10. Let m(s) = -s**2 - 5*s - 4. Calculate m(a).
2
Let i(s) = s**3 + 3*s**2 + 2*s. Suppose -3*b + 3 = -4*b. Give i(b).
-6
Let t(c) = c**3 - 2*c**2 - 3*c. Suppose -o + 0*o + 4*g = 1, 0 = -3*o - 2*g + 11. What is t(o)?
0
Let f(q) = 15*q - q + 2*q**2 + q**2 - q**2 + 7. Let d(x) = x**2 + 7*x + 4. Let w(u) = 5*d(u) - 2*f(u). Calculate w(-4).
-6
Suppose -21 + 1 = -5*y. Let t(k) = 2*k**2 - 7*k + 6. Calculate t(y).
10
Let n(r) = r**3 + 3*r**2 - 4*r + 3. Let a be n(-4). Let v(i) = a*i + 17 - 3*i - 19 - i**3 + 5*i**2. What is v(4)?
14
Let s(c) = -2*c. Let k(f) = -f + 4. Let v be k(3). Let t be v/2*-2*-10. Suppose -y + 4*m - 25 = 0, -5*y + 8*y + 5*m - t = 0. What is s(y)?
10
Let y(l) = -2*l**2. Let x(u) = 8*u**2 + 1. Let o(p) = -2*x(p) - 9*y(p). Let j(q) be the first derivative of o(q). Let f = 5 - 3. Calculate j(f).
8
Let v(s) be the first derivative of -3*s**4/4 + s**3/3 - s - 40. Give v(1).
-3
Suppose -2*t + 0*t = -8. Let v(h) = -h**3 + 5*h**2 - 3*h - 6. What is v(t)?
-2
Let b(h) = -h**3 + 2*h + 1. Let g be b(2). Let m(v) = v**2 + 3*v + 3. What is m(g)?
3
Let s be 12/7*63/18. Suppose -o - s = 3*m, 4*o + 4 = -3*m - 2. Let c(u) = u**3 - u**2 - u - 5. Determine c(o).
-5
Let j(c) = c**2 - 8*c - 8. Let y be j(9). Let k(z) = 2 + 3 + y - z + 5. Let a = -4 + 4. Calculate k(a).
11
Let z(f) be the second derivative of -f**5/20 + f**4/2 - 4*f**3/3 + 3*f**2 - 2*f. Let d(r) = -r**3 - 7*r**2 - 6*r + 5. Let n be d(-6). What is z(n)?
-9
Let r = 19 + -19. Let g = -1 + 2. Let f(p) = 2*p**3 + p**2 - 2*p - 1. Let a(y) = -y**3 + y + 1. Let s(l) = g*f(l) + 3*a(l). What is s(r)?
2
Let i(w) = 25*w + 29*w + 3*w**2 - 2 - 56*w. Give i(2).
6
Let n(c) = c + 4. Let k(f) = 5*f + 21. Suppose d - 4*d - 12 = 0. Let w(m) = d*k(m) + 22*n(m). What is w(-5)?
-6
Let w(d) = d**2 - 5*d - 6. Let a be w(6). Let j(u) = -u**3 + 7*u**2 + u - 3. Let v be j(7). Let y(b) = b - 4*b + v*b - 10. Calculate y(a).
-10
Let k(n) = -n**2 + 3*n. Let u be ((-1)/(-2))/((-1)/6). Let g(f) = -f**2 + 2*f + 1. Let d(q) = q**2 + q. Let j be d(-2). Let b(s) = j*k(s) + u*g(s). Give b(3).
6
Let g(r) = -r + r**2 + r**3 + 0*r**3 - 55 + 61. Give g(0).
6
Suppose -5*n - 1 = -4*h, -h - 2*h + 4*n = -1. Let p(q) = 3*q + 9.